 prime factors of ((-65)/(-90) + (-8)/36)*1798.
29, 31
What are the prime factors of (-955)/10*((-4)/1 + 2)?
191
Suppose 2*i + 12 - 154 = 0. Let w = -48 + i. List the prime factors of w.
23
Suppose -5*j + 16 = -4*j. Suppose 5*x - x = j. List the prime factors of 42/4 - (-2)/x.
11
Suppose -9*i + 85 = -4*i. Let f(x) = -x**3 - 6*x**2 - 5*x + 2. Let q be f(-5). Let l = i - q. What are the prime factors of l?
3, 5
Suppose 0 = 6*v - 94*v + 506616. List the prime factors of v.
3, 19, 101
Let z = 14 + -12. Suppose -190 = -3*a + z*x + 3*x, -5*x = a - 70. Suppose 5*h = -5 + a. What are the prime factors of h?
2, 3
Let o = -22 + 56. Let c = 86 + o. List the prime factors of c.
2, 3, 5
Suppose 16*m = 17*m - s - 989, -3*m + 2967 = 3*s. What are the prime factors of m?
23, 43
Let v be 4 + (-4)/((-12)/3). Suppose 0 = -3*u + 50 - 14. Suppose -u = -f + v. What are the prime factors of f?
17
Let h(x) = x**3 + 6*x**2 + 3*x + 4. Let m be h(-4). Suppose 0 = -10*k + 4*k + m. Suppose 0 = k*r + r - 320. List the prime factors of r.
2
Suppose 0 = q + 5*o + 162, -302 = 3*q + 5*o + 154. Let c = q - -207. Suppose 0*z + k - 17 = -z, 2*k = -4*z + c. What are the prime factors of z?
13
Let a(w) be the first derivative of w**4/4 + 7*w**3/3 - 7*w**2/2 + 7*w - 5. Let f be a(-8). List the prime factors of (1 - 2)*(-28 - f).
3
Suppose 0 = -2*h + z + 3*z - 2, h = -5*z - 1. List the prime factors of 3/((15/(-350))/h).
2, 5, 7
Let n = 35 + -45. Let l(j) = -j**3 - 6*j**2 - 8*j + 2. Let s(c) = -c**3 - 5*c**2 - 7*c + 3. Let d(w) = 6*l(w) - 5*s(w). What are the prime factors of d(n)?
3
Let k(m) be the first derivative of m**2/2 + 4*m + 5. Let b be k(-6). List the prime factors of (-28)/b*30/35.
2, 3
List the prime factors of 12/3 + 473 + -5.
2, 59
Suppose -3*t + 8 = -4. Suppose -t*n + 23 = -3*n. What are the prime factors of -4*(-2)/8 + n?
2, 3
Let r(o) = 25*o - 21. Let m be r(5). Let j be (0/2)/(-1) - -5. Suppose -j*z = m - 384. What are the prime factors of z?
2, 7
Suppose -73*x - 79820 = -99*x. List the prime factors of x.
2, 5, 307
Let h(f) = f + 6. Let n(l) = l + 7. Let x(y) = 6*h(y) - 7*n(y). Let v be x(-7). What are the prime factors of 11 - (-2)/(v/(-3))?
2, 3
Suppose -3*h - 9 = 0, 5*h - 722 - 169 = -d. List the prime factors of d.
2, 3, 151
Let b(l) = l**3 - 7*l**2 - 12*l - 8. Let p be b(9). What are the prime factors of (38 - p)/((2/17)/(-1))?
2, 17
Suppose -2*h = -4*y + 2159 + 7, 3*y = 3*h + 1626. What are the prime factors of y?
541
Let p = -32 - -60. Let q = -25 + p. List the prime factors of (q/(-6) + 0)*-62.
31
Let o = 41 + -42. What are the prime factors of o/3 + 1892/33?
3, 19
Suppose -2*s + 4*l - 12 - 10 = 0, 4*s + 14 = -2*l. Let n be (2/s)/((-2)/130). What are the prime factors of n + (1 - 1) - 1?
5
Let x(k) = k. Let q be x(2). Suppose 0 = -2*u + 6 + q. Suppose 0 = -h + 4*v - 9, 3*v = 4*v - u. List the prime factors of h.
7
Suppose -2*n + 149 = 4*h - 1145, 2*h - 652 = 4*n. What are the prime factors of h?
2, 3
Suppose 2*b + 3*f = -6, -5*f - 20 = 2*b + 3*b. Let c be (-96)/((81/b)/9). What are the prime factors of (2 - 1) + -4 + c?
61
Let y be (-32989)/(-55) + (-1)/(-5). Suppose -12*x + y = -7*x. Suppose -x = -5*w - w. List the prime factors of w.
2, 5
Let k be (-1)/(-2) + (-27)/(-6). Suppose -k*v = -2*x - 261, -4*v - x = 3*x - 192. Suppose v + 101 = 4*n. What are the prime factors of n?
2, 19
Suppose 0 = -24*a + 31*a. Let y(j) = 18*j - 1. Let b be y(3). Suppose 4*m - 2*p - 34 = 0, -5*m - p + a*p = -b. List the prime factors of m.
2, 5
Let m = -330 + 1297. What are the prime factors of m?
967
Let m = -27 + 12. Let q = m - -63. List the prime factors of q.
2, 3
Let p = 12 - 14. List the prime factors of 1*14 + 2/(p/(-1)).
3, 5
Let l = 55 + -32. Suppose -4*x = g - l - 53, -2*g + 207 = -3*x. Suppose -3*c - c = -g. What are the prime factors of c?
2, 3
Let r = 2110 - 1482. What are the prime factors of r?
2, 157
Let p = 585 - 418. Let x = -115 + p. List the prime factors of x.
2, 13
What are the prime factors of (-435)/30*(-2 + -43 + 3)?
3, 7, 29
Let g = -47 - -47. Suppose 3*q + 5*w - 222 = -g*q, q - 81 = -4*w. List the prime factors of q.
3, 23
Suppose 10*j + 125 = 11*j. Suppose 0 = f - 2*f + 4*m + j, 259 = 2*f - 5*m. What are the prime factors of f?
137
Let t(g) = -g**2 + g - 1. Let a(c) = 3*c**2 + 10*c - 9. Let u(n) = -a(n) - 2*t(n). Let z be -8 + (-2)/(1 - 0). List the prime factors of u(z).
31
Suppose 0 = 5*u - 4*m - 21, 2*m + 3*m = -3*u + 20. Suppose -836 = -u*f - 2*v, -3*f - 101 + 609 = -2*v. List the prime factors of f.
2, 3, 7
List the prime factors of (0 - (-11 + 3)) + 2.
2, 5
Let u = -74 + 31. Let g = u + 283. What are the prime factors of g?
2, 3, 5
Let z(s) = 301*s - 80. List the prime factors of z(3).
823
Let y(d) = 29*d. Let k(c) = -c. Let u(o) = 22*k(o) + 2*y(o). Let s be u(1). Let i = s - 20. List the prime factors of i.
2
Let z = -428 - -192. Let f = z - -434. What are the prime factors of f?
2, 3, 11
Let k = -44 - -46. Suppose -k*x + 5*x = 102. List the prime factors of x.
2, 17
Let o(b) = b**3 + 19*b**2 + 25*b - 5. Let a be 2*17/2*(-13)/13. List the prime factors of o(a).
2, 37
Suppose -26 + 236 = 2*f. List the prime factors of f*(24/15 - 1).
3, 7
Let q = 4 - -1. Suppose 0 = n + 3*n, 3*u + 84 = -q*n. Let f = -11 - u. List the prime factors of f.
17
Let k = -121 - -125. Suppose -389 = -k*i + 99. List the prime factors of i.
2, 61
Let x(w) = 24*w**2 - 20*w + 148. What are the prime factors of x(8)?
2, 3, 127
Let j be 710/35 + 4/(-14). Let i = 23 - j. Suppose -124 = -i*m + 17. List the prime factors of m.
47
Suppose 4*g - d - 213 = 0, 4*d - 183 = -4*g - d. Suppose -p - 2 = -g. List the prime factors of p.
2, 5
Suppose -m + 2*m - 332 = -a, 3*a - m = 992. Suppose -5*s = -a + 126. What are the prime factors of s?
41
Suppose -4*r + 48 = 4*y, 36 = -3*r + 7*r + y. Suppose -5*h = -r*h + 15. What are the prime factors of 10/h*(-63)/(-6)?
3, 7
Let f(h) be the third derivative of 5*h**5/12 - h**4/24 - h**3/3 - 12*h**2. List the prime factors of f(2).
2, 3
Suppose -2*b - 26 = 2*a, 0*b + 4*b + 52 = -a. Let o = b + 18. Suppose -55 = -5*l + 3*p, 0*l + 2*p - 55 = -o*l. List the prime factors of l.
11
Let t(d) = 2*d**3 - 2*d**2 + 3. Let f be t(4). Suppose 5*o = 8*o - f. What are the prime factors of o?
3, 11
Suppose -5*w + 4657 = -318. List the prime factors of w.
5, 199
Suppose -2 = -s + 2*z, -8*s + z + 19 = -3*s. Suppose -s*h + 144 = -0*w - 2*w, 0 = -5*h. What are the prime factors of (-1)/(3/w) + 3?
3
What are the prime factors of -1123*6*(-12)/24?
3, 1123
Let b be (2/4)/((-1)/(-22)). Let l be (-16)/((-48)/9) + -1 + 7. Let p = b - l. List the prime factors of p.
2
Suppose -18*x = -5*x - 13117. What are the prime factors of x?
1009
Let x = 20 + 367. What are the prime factors of x?
3, 43
Let z = 1 - 2. Let b(s) = 17*s - 11. Let n be b(5). What are the prime factors of (13/(-13))/(z/n)?
2, 37
Suppose 0*k + 5*k = -4*o + 447, -o + 109 = 4*k. List the prime factors of o.
113
Let n = 828 + -164. List the prime factors of n.
2, 83
Let j(w) = -5*w - 9. Let k be j(-8). Let c be (k/5)/(8/40). Suppose -4*g + 29 = -c. What are the prime factors of g?
3, 5
Let k(j) be the third derivative of 17*j**5/120 - j**4/24 - j**3/6 - 5*j**2. Let b(d) be the first derivative of k(d). What are the prime factors of b(1)?
2
Suppose -2*x + 4 = -4*g - 0, -5*g - 3 = -3*x. Let m be (g + 159/15)*15. Suppose -3*f - 2*y + 151 = -0*f, 2*f - m = -4*y. What are the prime factors of f?
47
Suppose w = -48*w + 30821. What are the prime factors of w?
17, 37
Let d = 72 - 82. What are the prime factors of 138 - ((-4)/(-10))/((-2)/d)?
2, 17
Suppose 0 = 15*q - 14*q + 6. List the prime factors of (3/q)/(5/(-330)).
3, 11
Let u(q) = 2*q + 6. Let w be u(-5). Let i be ((-72)/(-60))/(w/10). Let m(o) = -3*o - 7. What are the prime factors of m(i)?
2
Suppose 47*c = 46*c + 7. Suppose 0 = -c*g - g + 2568. What are the prime factors of g?
3, 107
Suppose -n + 4*t + 97 = -291, 3*t = 5*n - 1974. What are the prime factors of n?
2, 3, 11
Let v be 1 + (-9)/11 + (-9116)/44. Let p = v + 446. List the prime factors of p.
239
Suppose -z + 528 = 3*z + x, z - 5*x = 111. Let k = z + -45. List the prime factors of k.
2, 43
Let q(z) = -z**3 + 5*z**2 - 5*z + 6. Let f be q(4). Suppose -i - 88 = -f*i. Suppose 5*n = n + i. What are the 